{"id":77,"date":"2018-08-15T21:21:38","date_gmt":"2018-08-15T19:21:38","guid":{"rendered":"https:\/\/neu.eisenhof-nesslau.ch\/?page_id=77"},"modified":"2018-08-15T21:21:38","modified_gmt":"2018-08-15T19:21:38","slug":"glaeser","status":"publish","type":"page","link":"https:\/\/www.eisenhof-nesslau.ch\/?page_id=77","title":{"rendered":"Gl\u00e4ser"},"content":{"rendered":"<div class=\"rl-gallery-container rl-loading\" id=\"rl-gallery-container-1\" data-gallery_id=\"71\"> <div class=\"rl-gallery-description\">Entdecken sie unser vielseitiges Angebot an Weingl\u00e4ser und Sektgl\u00e4ser in wundersch\u00f6nem Design.<\/div> <div class=\"rl-gallery rl-basicgrid-gallery \" id=\"rl-gallery-1\" data-gallery_no=\"1\"> <div class=\"rl-gallery-item\"><a href=\"https:\/\/www.eisenhof-nesslau.ch\/wp-content\/uploads\/2024\/09\/20240923_180445.jpg\" title=\"\" data-rl_title=\"\" class=\"rl-gallery-link\" data-rl_caption=\"\" data-rel=\"lightbox-gallery-1\"><img loading=\"lazy\" decoding=\"async\" src=\"https:\/\/www.eisenhof-nesslau.ch\/wp-content\/uploads\/2024\/09\/20240923_180445-150x150.jpg\" width=\"150\" height=\"150\" alt=\"\" \/><\/a><\/div><div class=\"rl-gallery-item\"><a href=\"https:\/\/www.eisenhof-nesslau.ch\/wp-content\/uploads\/2018\/08\/Glaser-298580.jpg\" title=\"\" data-rl_title=\"\" class=\"rl-gallery-link\" data-rl_caption=\"\" data-rel=\"lightbox-gallery-1\"><img loading=\"lazy\" decoding=\"async\" src=\"https:\/\/www.eisenhof-nesslau.ch\/wp-content\/uploads\/2018\/08\/Glaser-298580-150x150.jpg\" width=\"150\" height=\"150\" alt=\"\" \/><\/a><\/div><div class=\"rl-gallery-item\"><a href=\"https:\/\/www.eisenhof-nesslau.ch\/wp-content\/uploads\/2018\/08\/Glaser-298581.jpg\" title=\"\" data-rl_title=\"\" class=\"rl-gallery-link\" data-rl_caption=\"\" data-rel=\"lightbox-gallery-1\"><img loading=\"lazy\" decoding=\"async\" src=\"https:\/\/www.eisenhof-nesslau.ch\/wp-content\/uploads\/2018\/08\/Glaser-298581-150x150.jpg\" width=\"150\" height=\"150\" alt=\"\" \/><\/a><\/div><div class=\"rl-gallery-item\"><a href=\"https:\/\/www.eisenhof-nesslau.ch\/wp-content\/uploads\/2024\/09\/20240923_153702.jpg\" title=\"\" data-rl_title=\"\" class=\"rl-gallery-link\" data-rl_caption=\"\" data-rel=\"lightbox-gallery-1\"><img loading=\"lazy\" decoding=\"async\" src=\"https:\/\/www.eisenhof-nesslau.ch\/wp-content\/uploads\/2024\/09\/20240923_153702-150x150.jpg\" width=\"150\" height=\"150\" alt=\"\" \/><\/a><\/div><div class=\"rl-gallery-item\"><a href=\"https:\/\/www.eisenhof-nesslau.ch\/wp-content\/uploads\/2025\/03\/Glasi-Heriswil-20250317_093109.jpg\" title=\"\" data-rl_title=\"\" class=\"rl-gallery-link\" data-rl_caption=\"\" data-rel=\"lightbox-gallery-1\"><img loading=\"lazy\" decoding=\"async\" src=\"https:\/\/www.eisenhof-nesslau.ch\/wp-content\/uploads\/2025\/03\/Glasi-Heriswil-20250317_093109-150x150.jpg\" width=\"150\" height=\"150\" alt=\"\" \/><\/a><\/div><div class=\"rl-gallery-item\"><a href=\"https:\/\/www.eisenhof-nesslau.ch\/wp-content\/uploads\/2025\/03\/Glasi-Hergsiwil-20250317_093000.jpg\" title=\"\" data-rl_title=\"\" class=\"rl-gallery-link\" data-rl_caption=\"\" data-rel=\"lightbox-gallery-1\"><img loading=\"lazy\" decoding=\"async\" src=\"https:\/\/www.eisenhof-nesslau.ch\/wp-content\/uploads\/2025\/03\/Glasi-Hergsiwil-20250317_093000-150x150.jpg\" width=\"150\" height=\"150\" alt=\"\" \/><\/a><\/div><div class=\"rl-gallery-item\"><a href=\"https:\/\/www.eisenhof-nesslau.ch\/wp-content\/uploads\/2025\/03\/Glasi-Hergiswil-20250317_093400.jpg\" title=\"\" data-rl_title=\"\" class=\"rl-gallery-link\" data-rl_caption=\"\" data-rel=\"lightbox-gallery-1\"><img loading=\"lazy\" decoding=\"async\" src=\"https:\/\/www.eisenhof-nesslau.ch\/wp-content\/uploads\/2025\/03\/Glasi-Hergiswil-20250317_093400-150x150.jpg\" width=\"150\" height=\"150\" alt=\"\" \/><\/a><\/div><div class=\"rl-gallery-item\"><a href=\"https:\/\/www.eisenhof-nesslau.ch\/wp-content\/uploads\/2025\/03\/Glasi-Hergiswil-20250317_093210.jpg\" title=\"\" data-rl_title=\"\" class=\"rl-gallery-link\" data-rl_caption=\"\" data-rel=\"lightbox-gallery-1\"><img loading=\"lazy\" decoding=\"async\" src=\"https:\/\/www.eisenhof-nesslau.ch\/wp-content\/uploads\/2025\/03\/Glasi-Hergiswil-20250317_093210-150x150.jpg\" width=\"150\" height=\"150\" alt=\"\" \/><\/a><\/div><div class=\"rl-gallery-item\"><a href=\"https:\/\/www.eisenhof-nesslau.ch\/wp-content\/uploads\/2025\/03\/Glasi-hergiswil-20250317_093135.jpg\" title=\"\" data-rl_title=\"\" class=\"rl-gallery-link\" data-rl_caption=\"\" data-rel=\"lightbox-gallery-1\"><img loading=\"lazy\" decoding=\"async\" src=\"https:\/\/www.eisenhof-nesslau.ch\/wp-content\/uploads\/2025\/03\/Glasi-hergiswil-20250317_093135-150x150.jpg\" width=\"150\" height=\"150\" alt=\"\" \/><\/a><\/div><div class=\"rl-gallery-item\"><a href=\"https:\/\/www.eisenhof-nesslau.ch\/wp-content\/uploads\/2025\/03\/Glasi-Hergiswil-20250317_093032.jpg\" title=\"\" data-rl_title=\"\" class=\"rl-gallery-link\" data-rl_caption=\"\" data-rel=\"lightbox-gallery-1\"><img loading=\"lazy\" decoding=\"async\" src=\"https:\/\/www.eisenhof-nesslau.ch\/wp-content\/uploads\/2025\/03\/Glasi-Hergiswil-20250317_093032-150x150.jpg\" width=\"150\" height=\"150\" alt=\"\" \/><\/a><\/div><div class=\"rl-gallery-item\"><a href=\"https:\/\/www.eisenhof-nesslau.ch\/wp-content\/uploads\/2025\/03\/Ausstellung-20250317_093450.jpg\" title=\"\" data-rl_title=\"\" class=\"rl-gallery-link\" data-rl_caption=\"\" data-rel=\"lightbox-gallery-1\"><img loading=\"lazy\" decoding=\"async\" src=\"https:\/\/www.eisenhof-nesslau.ch\/wp-content\/uploads\/2025\/03\/Ausstellung-20250317_093450-150x150.jpg\" width=\"150\" height=\"150\" alt=\"\" \/><\/a><\/div> <\/div> <\/div>\n","protected":false},"excerpt":{"rendered":"","protected":false},"author":1,"featured_media":0,"parent":63,"menu_order":0,"comment_status":"closed","ping_status":"closed","template":"","meta":{"footnotes":""},"class_list":["post-77","page","type-page","status-publish","hentry"],"_links":{"self":[{"href":"https:\/\/www.eisenhof-nesslau.ch\/index.php?rest_route=\/wp\/v2\/pages\/77","targetHints":{"allow":["GET"]}}],"collection":[{"href":"https:\/\/www.eisenhof-nesslau.ch\/index.php?rest_route=\/wp\/v2\/pages"}],"about":[{"href":"https:\/\/www.eisenhof-nesslau.ch\/index.php?rest_route=\/wp\/v2\/types\/page"}],"author":[{"embeddable":true,"href":"https:\/\/www.eisenhof-nesslau.ch\/index.php?rest_route=\/wp\/v2\/users\/1"}],"replies":[{"embeddable":true,"href":"https:\/\/www.eisenhof-nesslau.ch\/index.php?rest_route=%2Fwp%2Fv2%2Fcomments&post=77"}],"version-history":[{"count":1,"href":"https:\/\/www.eisenhof-nesslau.ch\/index.php?rest_route=\/wp\/v2\/pages\/77\/revisions"}],"predecessor-version":[{"id":78,"href":"https:\/\/www.eisenhof-nesslau.ch\/index.php?rest_route=\/wp\/v2\/pages\/77\/revisions\/78"}],"up":[{"embeddable":true,"href":"https:\/\/www.eisenhof-nesslau.ch\/index.php?rest_route=\/wp\/v2\/pages\/63"}],"wp:attachment":[{"href":"https:\/\/www.eisenhof-nesslau.ch\/index.php?rest_route=%2Fwp%2Fv2%2Fmedia&parent=77"}],"curies":[{"name":"wp","href":"https:\/\/api.w.org\/{rel}","templated":true}]}}